{"id":869,"date":"2018-09-16T20:53:54","date_gmt":"2018-09-16T18:53:54","guid":{"rendered":"https:\/\/fatherheartfrance.com\/?page_id=869"},"modified":"2025-09-17T10:03:52","modified_gmt":"2025-09-17T08:03:52","slug":"we-amour-du-pere","status":"publish","type":"page","link":"https:\/\/fatherheartfrance.com\/index.php\/we-amour-du-pere\/","title":{"rendered":"RETOUR A LA MAISON, DANS L&rsquo;AMOUR DU PERE"},"content":{"rendered":"\n<p class=\"wp-block-paragraph\"><a href=\"https:\/\/fatherheartfrance.com\/index.php\/we-in-father-love-eng\/\">Link to english web page<\/a><\/p>\n\n\n\n<h3 class=\"wp-block-heading\">Du 23\/02\/2024 19:00 au 25\/02\/2024 16:00<br><\/h3>\n\n\n\n<h3 class=\"wp-block-heading\">Ce WE est l&rsquo;occasion de changer votre vie et de plonger profond\u00e9ment dans l&rsquo;amour du P\u00e8re.<\/h3>\n\n\n\n<p class=\"wp-block-paragraph\"><strong>ATTENTION &#8211; LE NOMBRE DE PLACES EST LIMITE<\/strong><\/p>\n\n\n\n<p class=\"wp-block-paragraph\">Un WE pour plonger dans l&rsquo;amour du P\u00e8re<\/p>\n\n\n\n<p class=\"wp-block-paragraph\">Richard Jones est mari\u00e9 \u00e0 Nia et ils ont deux grandes filles. Ils se r\u00e9jouissent de voir le P\u00e8re se r\u00e9v\u00e9ler et transformer le c\u0153ur des gens dans le monde entier. Son amour a transform\u00e9 leur propre vie, leurs relations et leur marche avec Dieu\u2026 (voir plus d&rsquo;informations sur Richard et sa femme Nia au bas de cette page).<\/p>\n\n\n\n<p class=\"wp-block-paragraph\">Le but n&rsquo;est pas tant d&rsquo;acqu\u00e9rir des connaissances intellectuelles que de vous conduire \u00e0 une profonde r\u00e9v\u00e9lation personnelle pour faire l&rsquo;exp\u00e9rience de l&rsquo;amour de Dieu.<\/p>\n\n\n\n<p class=\"wp-block-paragraph\">Les r\u00e9unions seront en anglais &#8211; traduit en fran\u00e7ais.<\/p>\n\n\n\n<h4 class=\"wp-block-heading\">Agenda :<\/h4>\n\n\n\n<p class=\"wp-block-paragraph\">Vendredi&nbsp;soir : 19:00 \u00e0 21:00<br>Samedi :<br>&#8211;&nbsp;&nbsp;&nbsp;&nbsp;&nbsp;&nbsp;&nbsp;&nbsp;&nbsp; 09:30 \u2013 12:00&nbsp;<br>&#8211;&nbsp;&nbsp;&nbsp;&nbsp;&nbsp;&nbsp;&nbsp;&nbsp;&nbsp; 14:00 \u2013 16:00&nbsp;<br>&#8211;&nbsp;&nbsp;&nbsp;&nbsp;&nbsp;&nbsp;&nbsp;&nbsp;&nbsp; 19:00 \u2013 21:00&nbsp;<br>Dimanche :<br>&#8211;&nbsp;&nbsp;&nbsp;&nbsp;&nbsp;&nbsp;&nbsp;&nbsp;&nbsp; 09:30 \u2013 12:00&nbsp;<br>&#8211;&nbsp;&nbsp;&nbsp;&nbsp;&nbsp;&nbsp;&nbsp;&nbsp;&nbsp; 14:00 \u2013 16:00&nbsp;<\/p>\n\n\n\n<h4 class=\"wp-block-heading\">O\u00f9 :<\/h4>\n\n\n\n<p class=\"wp-block-paragraph\">Appart&rsquo;City<br>3 chemin de la plagne<br>31700 Cornebarrieu<br>France<\/p>\n\n\n\n<h4 class=\"wp-block-heading\">Prix :<\/h4>\n\n\n\n<p class=\"wp-block-paragraph\">55\u20ac (plein tarif)&nbsp;<\/p>\n\n\n\n<h4 class=\"wp-block-heading\">Inscription :<\/h4>\n\n\n\n<p class=\"wp-block-paragraph\">L&rsquo;inscription se fait au travers du site helloasso :<\/p>\n\n\n\n<p class=\"wp-block-paragraph\">https:\/\/www.helloasso.com\/associations\/fatherheart-france\/evenements\/vivre-dans-l-amour-du-pere<\/p>\n\n\n\n<h4 class=\"wp-block-heading\">Accomodation :<\/h4>\n\n\n\n<p class=\"wp-block-paragraph\">Possibilit\u00e9 pour les personnes de dormir sur place (tous les appartements sont \u00e9quip\u00e9s de meubles pour cuisiner dans l&rsquo;appartement) :<br>&#8211;&nbsp;&nbsp;&nbsp;&nbsp;&nbsp;&nbsp;&nbsp;&nbsp;&nbsp; Appartement Chambre simple pour 72 \u2013 15% = 61\u20ac20 \/ nuit (petit-d\u00e9jeuner offert)<br>&#8211;&nbsp;&nbsp;&nbsp;&nbsp;&nbsp;&nbsp;&nbsp;&nbsp;&nbsp; Appartement 2 pi\u00e8ces (4 personnes max) pour 102\u20ac00 \u2013 15% = 86\u20ac07 \/ nuit (petit-d\u00e9jeuner offert)<\/p>\n\n\n\n<p class=\"wp-block-paragraph\">Transport de\/vers l&rsquo;a\u00e9roport gratuit sur demande (uniquement du lundi au vendredi)<\/p>\n\n\n\n<p class=\"wp-block-paragraph\">Il est possible de manger une pizza \u00e0 l&rsquo;h\u00f4tel. Quelques restaurants et boulangeries \u00e0 proximit\u00e9 de l&rsquo;h\u00f4tel.<\/p>\n\n\n\n<p class=\"wp-block-paragraph\">https:\/\/www.appartcity.com\/fr\/destinations\/midi-pyrenees\/cornebarrieu\/toulouse-aeroport-cornebarrieu.html<\/p>\n\n\n\n<h4 class=\"wp-block-heading\">Qui sont Richard et Nia Jones ?<\/h4>\n\n\n\n<p class=\"wp-block-paragraph\">Richard et Nia Jones se r\u00e9jouissent de voir le P\u00e8re transformer le c\u0153ur des gens dans le monde entier. Cette transformation se poursuit dans tous les aspects de leur propre vie, y compris dans leur mariage et dans leurs relations avec leurs enfants. Simultan\u00e9ment, le P\u00e8re continue de conduire le couple vers de nouvelles dimensions d&rsquo;aventure.<\/p>\n\n\n\n<p class=\"wp-block-paragraph\">Avant de rejoindre Fatherheart Ministries, Richard et Nia (NEE-ah) ont \u00e9t\u00e9 missionnaires pendant plus de vingt ans. Ils ont pass\u00e9 la premi\u00e8re d\u00e9cennie \u00e0 s&rsquo;occuper d&rsquo;un grand groupe de personnes non atteintes sur l&rsquo;une des milliers d&rsquo;\u00eeles de l&rsquo;Indon\u00e9sie. Plus tard, ils se sont install\u00e9s en Malaisie pendant 14 ans pour se concentrer sur l&rsquo;enseignement des \u00e9tudes bibliques.<\/p>\n\n\n\n<p class=\"wp-block-paragraph\">Entre ces deux p\u00e9riodes, Richard a entrepris des \u00e9tudes de th\u00e9ologie et a servi dans diverses \u00e9glises au Royaume-Uni. Au cours d&rsquo;une r\u00e9union de pri\u00e8re, un soir de 1999, il a \u00e9t\u00e9 frapp\u00e9 au c\u0153ur par la conviction de son incapacit\u00e9 \u00e0 recevoir et \u00e0 exp\u00e9rimenter Dieu comme son P\u00e8re personnel. Cet \u00e9v\u00e9nement marquant a d\u00e9clench\u00e9 chez Richard et Nia la recherche de la r\u00e9alit\u00e9 parentale de Dieu, une qu\u00eate qui a chang\u00e9 leur vie et qui se poursuit encore aujourd&rsquo;hui.<\/p>\n\n\n\n<p class=\"wp-block-paragraph\">En 2006, Richard a \u00e9t\u00e9 invit\u00e9 \u00e0 faire partie de l&rsquo;\u00e9quipe minist\u00e9rielle lors d&rsquo;une conf\u00e9rence \u00e0 Kuala Lumpur, la capitale de la Malaisie, dirig\u00e9e par James Jordan. La pr\u00e9dication inspirante et r\u00e9v\u00e9latrice de James a boulevers\u00e9 le monde de Richard. Nia a v\u00e9cu une exp\u00e9rience similaire peu de temps apr\u00e8s.<\/p>\n\n\n\n<p class=\"wp-block-paragraph\">L&rsquo;ann\u00e9e suivante, le couple et une \u00e9quipe de minist\u00e8re dirig\u00e9e par Richard se sont rendus en Nouvelle-Z\u00e9lande pour assister \u00e0 une \u00e9cole A dirig\u00e9e par James et Denise. Des \u00e9coles B et d&rsquo;autres \u00e9v\u00e9nements importants avec les Jordans ont suivi. Richard et Nia ont rejoint Fatherheart Ministries \u00e0 la fin de l&rsquo;ann\u00e9e 2009.<\/p>\n\n\n\n<p class=\"wp-block-paragraph\">Depuis, ils ont particip\u00e9 \u00e0 des dizaines d&rsquo;\u00e9coles, y compris \u00e0 la r\u00e9vision et \u00e0 la r\u00e9ouverture de l&rsquo;\u00e9cole \u00ab\u00a0H\u00e9riter des Nations\u00a0\u00bb sur l&rsquo;\u00eele de la Grande Barri\u00e8re en Nouvelle-Z\u00e9lande en 2012. Aujourd&rsquo;hui, ils sont ravis de parcourir les nations, dirigeant les \u00e9coles A et B et d&rsquo;autres expressions r\u00e9sidentielles des Minist\u00e8res C\u0153ur de P\u00e8re.<\/p>\n\n\n\n<p class=\"wp-block-paragraph\">Richard est n\u00e9 \u00e0 Hersham, dans le sud-est de l&rsquo;Angleterre. Nia est n\u00e9e \u00e0 Jakarta, en Indon\u00e9sie. Ils se sont rencontr\u00e9s lors d&rsquo;une mission \u00e0 Lombok, en Indon\u00e9sie, et se sont mari\u00e9s en 1992. Ils ont deux filles adultes, Hannah et Stephanie.<\/p>\n\n\n\n<p class=\"wp-block-paragraph\">Plus r\u00e9cemment, Richard et Nia ont v\u00e9cu au Royaume-Uni pendant plusieurs ann\u00e9es, mais ils ont r\u00e9duit leur taille \u00e0 leurs valises jusqu&rsquo;\u00e0 leur retour pr\u00e9vu \u00e0 Penang, en Malaisie, au mois d&rsquo;octobre.<\/p>\n\n\n\n<p class=\"wp-block-paragraph\">Nia aime la natation, la fabrication de cartes, la couture, l&rsquo;\u00e9criture de po\u00e8mes et la solitude. Richard aime la randonn\u00e9e, la natation, la moto et l&rsquo;\u00e9criture. Il partage ses r\u00e9flexions sur le site fatherheartblog.com. En 2020, Richard a parcouru le Camino de Santiago, une randonn\u00e9e de 780 kilom\u00e8tres qui commence en France, traverse les Pyr\u00e9n\u00e9es et se termine en Espagne.<\/p>\n\n\n\n<p class=\"wp-block-paragraph\"><strong>Frais d&rsquo;inscription<\/strong><br>L&rsquo;inscription et le paiement s&rsquo;effectuent via ce lien<\/p>\n\n\n\n<p class=\"wp-block-paragraph\">https:\/\/www.helloasso.com\/associations\/fatherheart-france\/evenements\/vivre-dans-l-amour-du-pere<\/p>\n\n\n\n<p class=\"wp-block-paragraph\"><strong>Parking<\/strong><br>Le site est \u00e9quip\u00e9 d&rsquo;un parking<\/p>\n\n\n\n<p class=\"wp-block-paragraph\"><strong>Acc\u00e8s<\/strong><br>\u2013 A\u00e9roport international de Toulouse, Navette A\u00e9roport, <br>\u2013 Gare SNCF Matabiau de Toulouse <br>\u2013 Transport en commun TISSEO (https:\/\/www.tisseo.fr\/)<\/p>\n\n\n\n<p class=\"wp-block-paragraph\"><strong>Liens utiles<\/strong><br>Fatherheart France\u00a0: <a href=\"http:\/\/www.fatherheartfrance.com\">www.fatherheartfrance.com<\/a><br>A\u00e9roport de Toulouse\u00a0: http:\/\/www.toulouse.aeroport.fr\/\u00a0 <br>Tisseo (transport en commun) : \/\/www.tisseo.fr\/<\/p>\n","protected":false},"excerpt":{"rendered":"<p>Link to english web page Du 23\/02\/2024 19:00 au 25\/02\/2024 16:00 Ce WE est l&rsquo;occasion de changer votre vie et de plonger profond\u00e9ment dans l&rsquo;amour du P\u00e8re. ATTENTION &#8211; LE NOMBRE DE PLACES EST LIMITE Un WE pour plonger dans l&rsquo;amour du P\u00e8re Richard Jones est mari\u00e9 \u00e0 Nia et ils ont deux grandes filles. <a class=\"more-link\" href=\"https:\/\/fatherheartfrance.com\/index.php\/we-amour-du-pere\/\">Lire plus &#8230;<\/a><\/p>\n","protected":false},"author":3,"featured_media":2050,"parent":0,"menu_order":0,"comment_status":"closed","ping_status":"closed","template":"","meta":{"_crdt_document":"","_exactmetrics_skip_tracking":false,"_exactmetrics_sitenote_active":false,"_exactmetrics_sitenote_note":"","_exactmetrics_sitenote_category":0,"footnotes":""},"class_list":["post-869","page","type-page","status-publish","has-post-thumbnail","hentry"],"yoast_head":"<!-- This site is optimized with the Yoast SEO plugin v27.5 - https:\/\/yoast.com\/product\/yoast-seo-wordpress\/ -->\n<title>RETOUR A LA MAISON, DANS L&#039;AMOUR DU PERE - Fatherheart - France<\/title>\n<meta name=\"robots\" content=\"index, follow, max-snippet:-1, max-image-preview:large, max-video-preview:-1\" \/>\n<link rel=\"canonical\" href=\"https:\/\/fatherheartfrance.com\/index.php\/we-amour-du-pere\/\" \/>\n<meta property=\"og:locale\" content=\"fr_FR\" \/>\n<meta property=\"og:type\" content=\"article\" \/>\n<meta property=\"og:title\" content=\"RETOUR A LA MAISON, DANS L&#039;AMOUR DU PERE - Fatherheart - France\" \/>\n<meta property=\"og:description\" content=\"Link to english web page Du 23\/02\/2024 19:00 au 25\/02\/2024 16:00 Ce WE est l&rsquo;occasion de changer votre vie et de plonger profond\u00e9ment dans l&rsquo;amour du P\u00e8re. ATTENTION &#8211; LE NOMBRE DE PLACES EST LIMITE Un WE pour plonger dans l&rsquo;amour du P\u00e8re Richard Jones est mari\u00e9 \u00e0 Nia et ils ont deux grandes filles. Lire plus ...\" \/>\n<meta property=\"og:url\" content=\"https:\/\/fatherheartfrance.com\/index.php\/we-amour-du-pere\/\" \/>\n<meta property=\"og:site_name\" content=\"Fatherheart - France\" \/>\n<meta property=\"article:publisher\" content=\"https:\/\/www.facebook.com\/ContactFHF\/\" \/>\n<meta property=\"article:modified_time\" content=\"2025-09-17T08:03:52+00:00\" \/>\n<meta property=\"og:image\" content=\"https:\/\/fatherheartfrance.com\/wp-content\/uploads\/2024\/01\/2023-02-23_RichardJones-FR-1-1024x724.png\" \/>\n\t<meta property=\"og:image:width\" content=\"1024\" \/>\n\t<meta property=\"og:image:height\" content=\"724\" \/>\n\t<meta property=\"og:image:type\" content=\"image\/png\" \/>\n<meta name=\"twitter:card\" content=\"summary_large_image\" \/>\n<meta name=\"twitter:label1\" content=\"Dur\u00e9e de lecture estim\u00e9e\" \/>\n\t<meta name=\"twitter:data1\" content=\"5 minutes\" \/>\n<script type=\"application\/ld+json\" class=\"yoast-schema-graph\">{\"@context\":\"https:\\\/\\\/schema.org\",\"@graph\":[{\"@type\":\"WebPage\",\"@id\":\"https:\\\/\\\/fatherheartfrance.com\\\/index.php\\\/we-amour-du-pere\\\/\",\"url\":\"https:\\\/\\\/fatherheartfrance.com\\\/index.php\\\/we-amour-du-pere\\\/\",\"name\":\"RETOUR A LA MAISON, DANS L'AMOUR DU PERE - Fatherheart - France\",\"isPartOf\":{\"@id\":\"https:\\\/\\\/fatherheartfrance.com\\\/#website\"},\"primaryImageOfPage\":{\"@id\":\"https:\\\/\\\/fatherheartfrance.com\\\/index.php\\\/we-amour-du-pere\\\/#primaryimage\"},\"image\":{\"@id\":\"https:\\\/\\\/fatherheartfrance.com\\\/index.php\\\/we-amour-du-pere\\\/#primaryimage\"},\"thumbnailUrl\":\"https:\\\/\\\/fatherheartfrance.com\\\/wp-content\\\/uploads\\\/2024\\\/01\\\/2023-02-23_RichardJones-FR-1.png\",\"datePublished\":\"2018-09-16T18:53:54+00:00\",\"dateModified\":\"2025-09-17T08:03:52+00:00\",\"breadcrumb\":{\"@id\":\"https:\\\/\\\/fatherheartfrance.com\\\/index.php\\\/we-amour-du-pere\\\/#breadcrumb\"},\"inLanguage\":\"fr-FR\",\"potentialAction\":[{\"@type\":\"ReadAction\",\"target\":[\"https:\\\/\\\/fatherheartfrance.com\\\/index.php\\\/we-amour-du-pere\\\/\"]}]},{\"@type\":\"ImageObject\",\"inLanguage\":\"fr-FR\",\"@id\":\"https:\\\/\\\/fatherheartfrance.com\\\/index.php\\\/we-amour-du-pere\\\/#primaryimage\",\"url\":\"https:\\\/\\\/fatherheartfrance.com\\\/wp-content\\\/uploads\\\/2024\\\/01\\\/2023-02-23_RichardJones-FR-1.png\",\"contentUrl\":\"https:\\\/\\\/fatherheartfrance.com\\\/wp-content\\\/uploads\\\/2024\\\/01\\\/2023-02-23_RichardJones-FR-1.png\",\"width\":2000,\"height\":1414,\"caption\":\"2024-02-23_RichardJones-FR (1)\"},{\"@type\":\"BreadcrumbList\",\"@id\":\"https:\\\/\\\/fatherheartfrance.com\\\/index.php\\\/we-amour-du-pere\\\/#breadcrumb\",\"itemListElement\":[{\"@type\":\"ListItem\",\"position\":1,\"name\":\"Accueil\",\"item\":\"https:\\\/\\\/fatherheartfrance.com\\\/\"},{\"@type\":\"ListItem\",\"position\":2,\"name\":\"RETOUR A LA MAISON, DANS L&rsquo;AMOUR DU PERE\"}]},{\"@type\":\"WebSite\",\"@id\":\"https:\\\/\\\/fatherheartfrance.com\\\/#website\",\"url\":\"https:\\\/\\\/fatherheartfrance.com\\\/\",\"name\":\"Fatherheart - France\",\"description\":\"Amour du P\u00e8re\",\"publisher\":{\"@id\":\"https:\\\/\\\/fatherheartfrance.com\\\/#organization\"},\"potentialAction\":[{\"@type\":\"SearchAction\",\"target\":{\"@type\":\"EntryPoint\",\"urlTemplate\":\"https:\\\/\\\/fatherheartfrance.com\\\/?s={search_term_string}\"},\"query-input\":{\"@type\":\"PropertyValueSpecification\",\"valueRequired\":true,\"valueName\":\"search_term_string\"}}],\"inLanguage\":\"fr-FR\"},{\"@type\":\"Organization\",\"@id\":\"https:\\\/\\\/fatherheartfrance.com\\\/#organization\",\"name\":\"fatherheartfrance\",\"url\":\"https:\\\/\\\/fatherheartfrance.com\\\/\",\"logo\":{\"@type\":\"ImageObject\",\"inLanguage\":\"fr-FR\",\"@id\":\"https:\\\/\\\/fatherheartfrance.com\\\/#\\\/schema\\\/logo\\\/image\\\/\",\"url\":\"https:\\\/\\\/fatherheartfrance.com\\\/wp-content\\\/uploads\\\/2017\\\/02\\\/logo-3-e1488034589841.png\",\"contentUrl\":\"https:\\\/\\\/fatherheartfrance.com\\\/wp-content\\\/uploads\\\/2017\\\/02\\\/logo-3-e1488034589841.png\",\"width\":300,\"height\":82,\"caption\":\"fatherheartfrance\"},\"image\":{\"@id\":\"https:\\\/\\\/fatherheartfrance.com\\\/#\\\/schema\\\/logo\\\/image\\\/\"},\"sameAs\":[\"https:\\\/\\\/www.facebook.com\\\/ContactFHF\\\/\"]}]}<\/script>\n<!-- \/ Yoast SEO plugin. -->","yoast_head_json":{"title":"RETOUR A LA MAISON, DANS L'AMOUR DU PERE - Fatherheart - France","robots":{"index":"index","follow":"follow","max-snippet":"max-snippet:-1","max-image-preview":"max-image-preview:large","max-video-preview":"max-video-preview:-1"},"canonical":"https:\/\/fatherheartfrance.com\/index.php\/we-amour-du-pere\/","og_locale":"fr_FR","og_type":"article","og_title":"RETOUR A LA MAISON, DANS L'AMOUR DU PERE - Fatherheart - France","og_description":"Link to english web page Du 23\/02\/2024 19:00 au 25\/02\/2024 16:00 Ce WE est l&rsquo;occasion de changer votre vie et de plonger profond\u00e9ment dans l&rsquo;amour du P\u00e8re. ATTENTION &#8211; LE NOMBRE DE PLACES EST LIMITE Un WE pour plonger dans l&rsquo;amour du P\u00e8re Richard Jones est mari\u00e9 \u00e0 Nia et ils ont deux grandes filles. Lire plus ...","og_url":"https:\/\/fatherheartfrance.com\/index.php\/we-amour-du-pere\/","og_site_name":"Fatherheart - France","article_publisher":"https:\/\/www.facebook.com\/ContactFHF\/","article_modified_time":"2025-09-17T08:03:52+00:00","og_image":[{"width":1024,"height":724,"url":"https:\/\/fatherheartfrance.com\/wp-content\/uploads\/2024\/01\/2023-02-23_RichardJones-FR-1-1024x724.png","type":"image\/png"}],"twitter_card":"summary_large_image","twitter_misc":{"Dur\u00e9e de lecture estim\u00e9e":"5 minutes"},"schema":{"@context":"https:\/\/schema.org","@graph":[{"@type":"WebPage","@id":"https:\/\/fatherheartfrance.com\/index.php\/we-amour-du-pere\/","url":"https:\/\/fatherheartfrance.com\/index.php\/we-amour-du-pere\/","name":"RETOUR A LA MAISON, DANS L'AMOUR DU PERE - Fatherheart - France","isPartOf":{"@id":"https:\/\/fatherheartfrance.com\/#website"},"primaryImageOfPage":{"@id":"https:\/\/fatherheartfrance.com\/index.php\/we-amour-du-pere\/#primaryimage"},"image":{"@id":"https:\/\/fatherheartfrance.com\/index.php\/we-amour-du-pere\/#primaryimage"},"thumbnailUrl":"https:\/\/fatherheartfrance.com\/wp-content\/uploads\/2024\/01\/2023-02-23_RichardJones-FR-1.png","datePublished":"2018-09-16T18:53:54+00:00","dateModified":"2025-09-17T08:03:52+00:00","breadcrumb":{"@id":"https:\/\/fatherheartfrance.com\/index.php\/we-amour-du-pere\/#breadcrumb"},"inLanguage":"fr-FR","potentialAction":[{"@type":"ReadAction","target":["https:\/\/fatherheartfrance.com\/index.php\/we-amour-du-pere\/"]}]},{"@type":"ImageObject","inLanguage":"fr-FR","@id":"https:\/\/fatherheartfrance.com\/index.php\/we-amour-du-pere\/#primaryimage","url":"https:\/\/fatherheartfrance.com\/wp-content\/uploads\/2024\/01\/2023-02-23_RichardJones-FR-1.png","contentUrl":"https:\/\/fatherheartfrance.com\/wp-content\/uploads\/2024\/01\/2023-02-23_RichardJones-FR-1.png","width":2000,"height":1414,"caption":"2024-02-23_RichardJones-FR (1)"},{"@type":"BreadcrumbList","@id":"https:\/\/fatherheartfrance.com\/index.php\/we-amour-du-pere\/#breadcrumb","itemListElement":[{"@type":"ListItem","position":1,"name":"Accueil","item":"https:\/\/fatherheartfrance.com\/"},{"@type":"ListItem","position":2,"name":"RETOUR A LA MAISON, DANS L&rsquo;AMOUR DU PERE"}]},{"@type":"WebSite","@id":"https:\/\/fatherheartfrance.com\/#website","url":"https:\/\/fatherheartfrance.com\/","name":"Fatherheart - France","description":"Amour du P\u00e8re","publisher":{"@id":"https:\/\/fatherheartfrance.com\/#organization"},"potentialAction":[{"@type":"SearchAction","target":{"@type":"EntryPoint","urlTemplate":"https:\/\/fatherheartfrance.com\/?s={search_term_string}"},"query-input":{"@type":"PropertyValueSpecification","valueRequired":true,"valueName":"search_term_string"}}],"inLanguage":"fr-FR"},{"@type":"Organization","@id":"https:\/\/fatherheartfrance.com\/#organization","name":"fatherheartfrance","url":"https:\/\/fatherheartfrance.com\/","logo":{"@type":"ImageObject","inLanguage":"fr-FR","@id":"https:\/\/fatherheartfrance.com\/#\/schema\/logo\/image\/","url":"https:\/\/fatherheartfrance.com\/wp-content\/uploads\/2017\/02\/logo-3-e1488034589841.png","contentUrl":"https:\/\/fatherheartfrance.com\/wp-content\/uploads\/2017\/02\/logo-3-e1488034589841.png","width":300,"height":82,"caption":"fatherheartfrance"},"image":{"@id":"https:\/\/fatherheartfrance.com\/#\/schema\/logo\/image\/"},"sameAs":["https:\/\/www.facebook.com\/ContactFHF\/"]}]}},"_links":{"self":[{"href":"https:\/\/fatherheartfrance.com\/index.php\/wp-json\/wp\/v2\/pages\/869","targetHints":{"allow":["GET"]}}],"collection":[{"href":"https:\/\/fatherheartfrance.com\/index.php\/wp-json\/wp\/v2\/pages"}],"about":[{"href":"https:\/\/fatherheartfrance.com\/index.php\/wp-json\/wp\/v2\/types\/page"}],"author":[{"embeddable":true,"href":"https:\/\/fatherheartfrance.com\/index.php\/wp-json\/wp\/v2\/users\/3"}],"replies":[{"embeddable":true,"href":"https:\/\/fatherheartfrance.com\/index.php\/wp-json\/wp\/v2\/comments?post=869"}],"version-history":[{"count":5,"href":"https:\/\/fatherheartfrance.com\/index.php\/wp-json\/wp\/v2\/pages\/869\/revisions"}],"predecessor-version":[{"id":2188,"href":"https:\/\/fatherheartfrance.com\/index.php\/wp-json\/wp\/v2\/pages\/869\/revisions\/2188"}],"wp:featuredmedia":[{"embeddable":true,"href":"https:\/\/fatherheartfrance.com\/index.php\/wp-json\/wp\/v2\/media\/2050"}],"wp:attachment":[{"href":"https:\/\/fatherheartfrance.com\/index.php\/wp-json\/wp\/v2\/media?parent=869"}],"curies":[{"name":"wp","href":"https:\/\/api.w.org\/{rel}","templated":true}]}}